ppose -d - 4*d = -q. What is the units digit of d?
6
Let y = -79 - -118. What is the units digit of y?
9
Let q(z) be the second derivative of -z**4/12 - 4*z**3/3 - 7*z**2/2 + z. Let s be q(-7). Suppose d - 5 + 0 = s. What is the units digit of d?
5
Let o = 18 + -10. Suppose -2*t - 20 = -o. What is the units digit of t/(-4)*4/6?
1
Let y(l) = 2*l - 15. Let v be y(11). Suppose 4*s - 20 = -8. Suppose -v + 1 = -s*q. What is the units digit of q?
2
Let i(b) = b**3 - 15*b**2 + 14*b + 13. What is the units digit of i(14)?
3
What is the tens digit of -4 + 42 + -2 + -3?
3
Let z(s) = -s**3 - 3*s**2 - 4*s - 2. Let o be z(-2). Suppose -4*a = o*a - 264. What is the tens digit of a?
4
Suppose -3 - 6 = 3*n. Let h(o) = 2*o**2 + 3*o. What is the units digit of h(n)?
9
Let f(q) = q**2 - q + 2. Let m be f(3). Let y = -4 + m. What is the units digit of y?
4
Suppose -79 - 106 = -5*i. Suppose -58 = -5*q + i. What is the tens digit of q?
1
Let y = -13 - -25. What is the units digit of y?
2
Let z(k) = -k**2 - 11*k - 2. Suppose -4*g + 11 - 3 = 0. Suppose g*t - 20 = 4*t. What is the units digit of z(t)?
8
Let m = 2 - -2. Suppose m*u - 19 = 45. What is the tens digit of u?
1
Suppose -14 + 2 = -3*q. Suppose q*a - 4 = 24. Suppose -3*n - i + a = 3, 0 = 2*n + i - 2. What is the units digit of n?
2
Let a(m) = m**2 + m + 37. Let v be a(0). Suppose u - v = -16. What is the units digit of u?
1
Suppose 2*s + 1 = -3. Let j be s/3 - (-16)/6. Suppose -5*r = 4*p - 42, 2*p = -j*r - r + 22. What is the units digit of p?
8
Let b be (0/2)/(4 + -6). Suppose 2*u = -2*j - 4, -3*u + 2 = j - b*j. Suppose -1 = -u*g + g. What is the units digit of g?
1
Suppose -5*g - 120 = -0*g. Let c = g + 41. What is the tens digit of c?
1
Suppose y = -3, 5*t - y - 2*y - 79 = 0. What is the units digit of t?
4
Suppose 0 = -4*j - 4 - 0. Let u be j + (2 - -1) - 1. Let v = 0 + u. What is the units digit of v?
1
Let h(z) = -21 + 8*z**2 + z**3 + 3 + z - 4*z**2 + 5*z**2. What is the tens digit of h(-8)?
3
Suppose 5*a + 5 = 0, -2*a + 32 + 171 = 5*i. Let n = -27 + i. What is the units digit of n?
4
Let o(i) = -i**3 + 12*i**2 + 3*i - 14. What is the units digit of o(9)?
6
Let m(o) = 3*o - 4. Let z be m(-12). Let p = 63 + z. What is the units digit of p?
3
Suppose 0 = 12*y + 9*y - 8085. What is the tens digit of y?
8
Let f(v) = -3*v + 2. Let z be f(-2). Let w = z - 2. What is the units digit of w?
6
Suppose -2 = -d + 5. Let m be 6/(-21) - (-79)/d. Let z = m + -8. What is the units digit of z?
3
Suppose -5*i - g + 10 = 0, -3 = g + 2. Let a(v) = -v**3 + 3*v**2 - 4*v + 2. Let w be a(i). What is the units digit of (-6)/2 - (-1 + w)?
8
Let c(d) = -d**3 - d**2 - d - 6. Let g be c(-3). What is the units digit of ((-18)/g)/(2/(-10))?
6
Suppose -3*q + 5 = -13. Let r = q - 4. What is the units digit of r?
2
Suppose -2*v = -4*v + 192. Suppose -4*u + 4*q = -v, q + 22 = u + 2*q. What is the units digit of u?
3
Suppose 3*d - 3*c = -39, 2*c = 1 - 3. Let t = d - -27. What is the units digit of t?
3
Suppose 5*j = -w + 1, -j - w + 1 = 2*j. Let n(t) = t**2 + t + 12. What is the tens digit of n(j)?
1
Suppose 0*x = 5*x + 3*n + 21, -4*n = -5*x - 42. Suppose 3*q - 4 = 8. What is the units digit of (q/6)/((-2)/x)?
2
Suppose -6*i + i - 80 = 0. Let m = 28 + i. What is the tens digit of m?
1
Suppose -3 - 7 = -l - i, i - 34 = -4*l. Let m = -5 + l. What is the units digit of m?
3
Let t(m) = 2*m**3 - 3*m**2 + 2*m + 1. Let k be t(2). Let h = k + -1. Suppose 0 = -2*a - a + 5*x + 14, 4*x = h. What is the units digit of a?
8
Let m be -5 - (1 - 6 - -2). Let v = 4 + m. What is the units digit of v?
2
Let a(t) = t - 3. Let y be a(7). Suppose 4*l - 2 = 2*l - y*w, 4*l + 4*w = 24. What is the units digit of l?
1
Let x = 1 + -2. Suppose -5*y + 0*y = -15. Let g = x + y. What is the units digit of g?
2
Suppose -3*b = 5*h - 810, 3*h - 284 = b + 188. What is the tens digit of h?
5
Suppose 0*v + 2*l + 9 = 5*v, -v + 2*l = -5. Let f(y) = 3*y + 1. Let t be f(v). Suppose -t*g + g + 3*m + 48 = 0, m = -g + 14. What is the units digit of g?
5
What is the units digit of (5 - 21/3)*(-127)/1?
4
Let d be 4/22 - 8/44. Suppose 2*n - 4 = -d. Suppose 0 = -5*j + n + 23. What is the units digit of j?
5
Let i(z) = 56*z**3 - 2*z**2 + 2*z. What is the units digit of i(1)?
6
Suppose 55*h - 58*h = -231. What is the tens digit of h?
7
Suppose 3 - 11 = -4*s. Let x = s + 10. Suppose -18 = -5*p + x. What is the units digit of p?
6
Let j(f) = -11*f**3 - 2*f**2 + 8*f + 3. What is the hundreds digit of j(-3)?
2
Suppose -2*f = -5*r - 24, 2*r = 4*f + 4*r - 72. What is the tens digit of f?
1
Let x(h) = 2*h**3 + 2*h**2 - h. Let a = 8 - -8. Let v be 20/a - 2/8. What is the units digit of x(v)?
3
Suppose 2*j = d - 16, -29 = 2*d - 4*d + 3*j. Suppose -o = 5*a + d, 2*o = 3*a + 2*a + 40. Let q(g) = 2*g - 14. What is the units digit of q(o)?
6
Let m = 118 - -84. What is the hundreds digit of m?
2
Suppose -4*i + 188 = 4*r, 0 = -5*r - i + 343 - 92. What is the tens digit of r?
5
Let b = -128 - -180. What is the tens digit of b?
5
Let c be 6/9 - (-11)/(-3). Let h be (40/(-6))/5*c. Suppose -22 = -h*i + 14. What is the units digit of i?
9
Let g = -4 - -6. Let j be -1 + g + (-3 - -2). Let r = 10 + j. What is the tens digit of r?
1
Suppose 2*x - 8 = -2*x. Suppose 0*p - p = 0, 5*v = x*p + 5. Suppose -7*u + 2*a = -2*u + v, 3 = -3*u + 2*a. What is the units digit of u?
1
Let k(s) = -s**3 + 6*s**2 - s - 4. Suppose 35 = 5*o + 5. Let f be k(o). What is the units digit of (-2)/(-4) + (-115)/f?
2
Let d(h) = 7*h**2 + h. Let m(g) = -g**2 + 2*g + 2. Let s be m(3). Let o be d(s). Let j = o + 0. What is the units digit of j?
6
Let u = 57 + -11. What is the units digit of u?
6
Let q(j) = 9*j**3 + 21*j**2 + 19*j - 1. Let o(r) = -5*r**3 - 11*r**2 - 10*r + 1. Let f(n) = 11*o(n) + 6*q(n). What is the tens digit of f(5)?
2
Let o be (-16)/72 + (-148)/(-18). Let h = 3 + o. What is the tens digit of h?
1
Let d(x) = 3*x - 6. Let q be d(4). Suppose 3*n + 4 = -2*t, -3*t - q = -2*n - 3*n. Suppose n = -l - 0*l + 17. What is the tens digit of l?
1
Let y = 0 - -2. Suppose y = 5*u - 3*u. What is the units digit of u?
1
Let k = 0 - -59. What is the units digit of k?
9
Let z = 5 - 8. Let o be ((-10)/(-1))/(z/(-3)). What is the tens digit of (-4)/(((-16)/o)/4)?
1
Let x = -4 - -4. Suppose 11 = t - x. What is the units digit of t?
1
Suppose 1156 = 4*n + 316. What is the tens digit of n?
1
Suppose -3*n = -5*u + 940, 0 = -4*n + n - 15. What is the hundreds digit of u?
1
Let u = 73 - 2. What is the units digit of u?
1
Suppose 0 = 4*q - 3*q + 2*x + 3, -5*q + 27 = -4*x. Suppose -5*o - 5*r - 3 = 7, 5*o + 8 = -q*r. What is the units digit of 7 + (2 - 4)*o?
9
Let v be 42/(-18) - (-4)/(-6). Let i be ((-6)/(-4))/(6/8). Let f = i - v. What is the units digit of f?
5
Let v = 0 - 10. Let z = v - -12. What is the units digit of z?
2
Let x(h) = -h + 10. What is the units digit of x(3)?
7
Suppose w - 5*j + 9 = -w, 0 = 2*w - 3*j + 11. What is the units digit of 16 + w + 1 + -3?
7
Let d(m) = -11*m + 6. Let t(i) = -i + 1. Let w(x) = d(x) + t(x). What is the units digit of w(-3)?
3
Let r(f) = -f**2 + 11*f - 5. Let b be r(9). Suppose -z = -5 + b. What is the units digit of 6/z + 43/4?
0
Let a(q) = -q**2 + 8*q - 2. Let s be a(8). What is the units digit of (s + 66/15)*5?
2
Suppose -4*y + x - 4*x + 271 = 0, 4*y - 266 = 2*x. What is the units digit of y?
7
Let q = -48 - -132. What is the tens digit of q?
8
Let p(k) = k + 2. Let v be p(-2). Suppose v = -u - 2*u + 156. Suppose 4 = a + 3*l - 2*l, -5*l - u = -3*a. What is the units digit of a?
9
Suppose 7 = 3*j - 32. Let i = -4 + 6. Suppose -i*g + 1 = -j. What is the units digit of g?
7
Let s(c) be the third derivative of c**6/60 + c**5/60 - c**3/6 + 2*c**2. Let q be (-3)/(-5) - (-26)/65. What is the units digit of s(q)?
2
Let g = 126 - 90. What is the units digit of g?
6
Suppose 0*k = -2*k - 92. Let y = -31 - k. What is the units digit of y?
5
Let n(g) = g**3 + 3*g**2 - 2*g - 3. Let o be n(-3). Let c be 0*(10/(-4))/(-5). Suppose c*b = o*b - 39. What is the units digit of b?
3
Let q be -1 + (-3)/(-1) + -27. What is the units digit of 5/q - 46/(-5)?
9
Suppose v = 4*v - 27. Let n = v - 4. What is the units digit of n?
5
Let s = 2 + 8. Let m be (-24)/(-2)*5/s. Let q = m - 4. What is the units digit of q?
2
Suppose 17*z 